?
False
Is 14 a factor of 446375468?
True
Does 27 divide 3174283188?
True
Is 728 a factor of 749569184?
True
Is 1186968 a multiple of 274?
True
Does 40 divide 3910120?
True
Does 852 divide 100898100?
True
Is 6 a factor of 118987367?
False
Does 387 divide 695269107?
True
Does 3 divide 4169534?
False
Is 262786052 a multiple of 2059?
True
Does 7138 divide 582632112?
True
Does 14 divide 33618620?
True
Is 1610 a factor of 340675499?
False
Does 47 divide 1050234544?
False
Is 2092009 a multiple of 330?
False
Is 637713 a multiple of 95?
False
Is 2385004608 a multiple of 252?
True
Does 4617 divide 1142119885?
False
Is 57 a factor of 205260175?
False
Is 32419489 a multiple of 388?
False
Is 278 a factor of 48228684?
False
Is 114815208 a multiple of 24?
True
Is 41 a factor of 1833670?
False
Does 2104 divide 82082164?
False
Is 180667368 a multiple of 14?
True
Is 30 a factor of 31841273?
False
Is 18206586 a multiple of 2?
True
Does 168 divide 132296640?
True
Is 9 a factor of 18561114?
True
Does 38 divide 395102264?
True
Is 645 a factor of 1719313290?
True
Is 340299148 a multiple of 62?
False
Does 46 divide 18154522?
False
Does 16 divide 1247323153?
False
Is 9 a factor of 5828894?
False
Is 136015197 a multiple of 3?
True
Is 10 a factor of 19535844?
False
Is 297016695 a multiple of 645?
True
Is 20538977 a multiple of 278?
False
Does 35 divide 233112320?
True
Is 3213550175 a multiple of 145?
True
Is 1614294 a multiple of 66?
True
Does 1512 divide 308563267?
False
Is 2908576 a multiple of 352?
True
Is 30 a factor of 11069846?
False
Is 61 a factor of 1469540?
False
Does 4 divide 644765652?
True
Does 18 divide 65743326?
True
Does 619 divide 68873290?
False
Is 2559543 a multiple of 32?
False
Is 82800295 a multiple of 448?
False
Does 126 divide 835191252?
True
Is 16 a factor of 83688464?
True
Is 4707773 a multiple of 281?
False
Does 5722 divide 1356194108?
True
Is 86 a factor of 825109370?
True
Is 754 a factor of 185870737?
False
Does 283 divide 20811254?
True
Is 42 a factor of 254138262?
True
Is 258270054 a multiple of 4547?
False
Is 2445690662 a multiple of 62?
False
Is 271303693 a multiple of 22?
False
Does 357 divide 462038206?
False
Is 3 a factor of 706502529?
True
Is 802858212 a multiple of 9?
True
Is 111 a factor of 33239172?
True
Is 786174464 a multiple of 124?
False
Is 630 a factor of 2553389?
False
Does 142 divide 29542691?
False
Is 9 a factor of 26172018?
True
Is 252 a factor of 27147456?
True
Does 2 divide 14534320?
True
Is 7 a factor of 212912092?
False
Does 16 divide 6313322818?
False
Does 6370 divide 1191440414?
False
Is 122305950 a multiple of 23?
True
Is 117 a factor of 1413774?
False
Is 886 a factor of 239368141?
False
Does 365 divide 21891240?
True
Is 13679784 a multiple of 207?
False
Is 9349616 a multiple of 104?
False
Is 4 a factor of 37446456?
True
Is 355 a factor of 10035850?
True
Does 782 divide 58716470?
True
Is 52 a factor of 1013303096?
True
Is 282065623 a multiple of 18?
False
Is 2141 a factor of 406561217?
False
Is 61 a factor of 111707364?
False
Does 380 divide 4680840?
True
Does 219 divide 467311836?
True
Is 16061010 a multiple of 45?
False
Does 559 divide 11205682?
False
Is 54711930 a multiple of 38?
False
Does 14 divide 235244570?
False
Is 3399568 a multiple of 8?
True
Is 27 a factor of 981867543?
False
Does 609 divide 559058346?
True
Does 3825 divide 1524289275?
True
Is 1168 a factor of 2928176?
True
Is 6282536 a multiple of 2?
True
Is 161656740 a multiple of 340?
True
Is 20128672 a multiple of 248?
True
Does 516 divide 1390336267?
False
Does 9 divide 4367363?
False
Is 747266298 a multiple of 6?
True
Is 127101122 a multiple of 574?
False
Does 116 divide 31056995?
False
Is 6381512 a multiple of 8?
True
Is 146 a factor of 59817496?
False
Does 1294 divide 209480484?
True
Is 159 a factor of 35245530?
True
Is 2019 a factor of 343801377?
True
Does 134 divide 1041964816?
False
Is 228731800 a multiple of 275?
True
Is 44 a factor of 268091736?
True
Is 174 a factor of 15463728?
True
Is 34384000 a multiple of 16?
True
Does 428 divide 312270783?
False
Does 163 divide 57369317?
True
Is 134 a factor of 140832267?
False
Is 1164092160 a multiple of 420?
True
Does 471 divide 571843455?
True
Is 832 a factor of 5146397?
False
Is 385 a factor of 342876470?
False
Does 282 divide 397865717?
False
Does 65 divide 167570195?
True
Is 261137344 a multiple of 4384?
True
Does 114 divide 97161976?
False
Is 1033666441 a multiple of 10?
False
Does 21 divide 6635161?
False
Is 2273 a factor of 37965919?
True
Is 52 a factor of 51780040?
True
Does 1695 divide 1219910145?
True
Is 6 a factor of 520817257?
False
Is 10908390 a multiple of 1241?
True
Is 154955990 a multiple of 29?
True
Is 11834647 a multiple of 1621?
False
Does 414 divide 29265246?
True
Does 70 divide 25246584?
False
Is 1113758795 a multiple of 11?
False
Is 972059534 a multiple of 58?
False
Is 478204307 a multiple of 3143?
True
Is 11422639 a multiple of 55?
False
Does 68 divide 270850732?
True
Is 549572415 a multiple of 12?
False
Is 191389635 a multiple of 1647?
True
Does 4 divide 615012057?
False
Is 7211447 a multiple of 3?
False
Does 978 divide 246704412?
True
Is 24863967 a multiple of 19?
False
Is 8 a factor of 22658432?
True
Is 3784 a factor of 111223112?
True
Does 152 divide 10636873?
False
Does 4 divide 27550736?
True
Does 524 divide 1051345769?
False
Is 6809 a factor of 418331342?
True
Is 2221633493 a multiple of 35?
False
Is 3531890166 a multiple of 19?
False
Is 193 a factor of 303249706?
True
Is 9201 a factor of 2731482468?
True
Is 147 a factor of 15219498?
True
Does 33 divide 111469306?
False
Is 17 a factor of 191314083?
False
Is 997 a factor of 108668015?
True
Is 17060400 a multiple of 4062?
True
Is 3486401799 a multiple of 3837?
True
Does 65 divide 414756550?
True
Does 9 divide 135087?
False
Does 235 divide 73942750?
True
Does 250 divide 19577795?
False
Does 26 divide 241022522?
True
Is 395539274 a multiple of 26?
True
Is 114 a factor of 161368726?
False
Is 134356565 a multiple of 41?
False
Is 31060315 a multiple of 65?
True
Is 140518879 a multiple of 415?
False
Is 1004539724 a multiple of 1156?
True
Is 5 a factor of 640003039?
False
Is 7317 a factor of 934966270?
False
Is 23 a factor of 5648524?
True
Does 2475 divide 32243696?
False
Is 319201025 a multiple of 11?
True
Does 20 divide 628082560?
True
Is 49 a factor of 109685520?
True
Is 328 a factor of 2738700471?
False
Does 199 divide 413383496?
True
Is 5 a factor of 1745952?
False
Is 16 a factor of 28152423?
False
Is 524463609 a multiple of 181?
True
Does 17 divide 1149880?
True
Does 21 divide 395902206?
True
Is 3342 a factor of 347270430?
False
Does 2899 divide 149552066?
False
Does 152 divide 194031941?
False
Is 579 a factor of 87739449?
False
Is 1324540863 a multiple of 27?
True
Is 5 a factor of 77266880?
True
Is 18307313 a multiple of 480?
False
Is 25256184 even?
True
Does 6 divide 21108864?
True
Is 71 a factor of 45070445?
True
Does 157 divide 267889844?
False
Does 2182 divide 47970126?
False
Is 78 a factor of 144506083?
False
Does 812 divide 362817562?
False
Is 224678619 a multiple of 11?
True
Does 36 divide 300954888?
True
Does 33 divide 188953837?
False
Is 71172810 a multiple of 5?
True
Is 828 a factor of 34044048?
True
Does 197 divide 39624502?
False
Does 1030 divide 865838014?
False
Is 12531789 a multiple of 3?
True
Does 65 divide 49217358?
False
Is 592947390 a multiple of 742?
False
Is 2357192596 a multiple of 44?
True
Does 100 divide 163965900?
True
Is 252372563 a multiple of 197?
True
Is 24113608 a multiple of 2?
True
Does 280 divide 544119558?
False
Does 9 divide 333681354?
True
Is 54888739 a multiple of 10?
False
Is 1192870438 a multiple of 670?
False
Is 53 a factor of 389709?
True
Does 811 divide 185275011?
False
Does 631 divide 27791133?
True
Is 28 a factor of 1349572?
True
Does 161 divide 138798954?
False
Is 28328550 a multiple of 75?
True
Does 19 divide 102220611?
False
Is 10960980 a multiple of 12?
True
Does 4 divide 119377934?
False
Does 176 divide 10538704?
True
Does 2482 divide 860295514?
False
Is 62565513 a multiple of 681?
True
Does 3230 divide 172941506?
False
Is 274 a factor of 918679415?
False
Is 25290379 a multiple of 8?
False
Is 171420516 a multiple of 12?
True
Does 19 divide 1032484320?
True
Is 45443452 a m